x = 450 + 990. What are the prime factors of x?
2, 3, 5
Let i = 65 + -36. Let n be (11 + -9)/(((-8)/(-34))/(-2)). Let q = n + i. List the prime factors of q.
2, 3
Let i = 55 + -56. Let m = i + 75. What are the prime factors of m?
2, 37
Suppose 0*c = -4*c + 16. Suppose 9*m - 715 = c*m. What are the prime factors of m?
11, 13
Suppose 0 = 3*c - 15, -4*c = -2*d - 0*c + 12. Let p = -12 + d. Suppose 32 = s - p. What are the prime factors of s?
2, 3
Let t(k) = k**3 + 18*k**2 + 19*k + 10. Let f be t(-17). Let y = 8 - f. List the prime factors of y.
2
Let r be ((-26)/(-8) - 1) + 3/4. What are the prime factors of 119 - (1 + r - 1)?
2, 29
Let p be (-1 + -1)*10/(-4). Suppose 0 = p*t - 67 + 2. Let z = t - 6. List the prime factors of z.
7
Suppose 5*l = -2*h + 1453, -5*l + 9*l + 2237 = 3*h. What are the prime factors of h?
739
Suppose -392 = 2*u - 3*u - 3*k, -2*u = 3*k - 772. What are the prime factors of ((3 - 1)/(-2))/((-2)/u)?
2, 5, 19
Let g = -52 - -54. Suppose -33 = -4*d + 27. Suppose -r + d = 2*y, -g*y - 1 - 1 = 0. List the prime factors of r.
17
Let q = 43 + -29. Let z(j) = j**3 - 15*j**2 - 12*j - 20. Let o(g) = g**3 - 16*g**2 - 12*g - 21. Let i(c) = -2*o(c) + 3*z(c). List the prime factors of i(q).
2, 5
Let i(a) = -a**2 - 4*a + 1. Let y(u) = u + 5. Let m be y(-8). Let x be i(m). Suppose 0 = b - 5, 2*r - b - x*b - 53 = 0. What are the prime factors of r?
3, 13
Let d be (-2)/6 - (-508)/12. Suppose 6 = -9*a + d. List the prime factors of a.
2
Let q(u) = -u**3 - u + 2. Let f be q(-2). List the prime factors of 156/9 - f/9.
2
Suppose 2*o - 6 = -2*j, -46 = -4*j + 5*o - 16. Suppose d + j = 0, -2*a - 18 = -3*a - 3*d. What are the prime factors of a?
3, 11
Let y(j) = -4*j - 7*j - j**2 + 10 + 1 - 2. Let k be y(-10). Let c = 13 + k. List the prime factors of c.
2
Let m = 10 - 7. Suppose -a + 2*u = -3*a + 4, -9 = -m*u. Let k(q) = -15*q**3. List the prime factors of k(a).
3, 5
Let r(k) = -k**3 + 8*k**2 - 2*k + 443. List the prime factors of r(0).
443
Let a(i) = -4*i**2 - 7. Let h be a(5). Let s = h + 183. What are the prime factors of s?
2, 19
Let u(a) = -a**3 - 7*a**2 + 9*a + 10. Let m be u(-8). Suppose 3*t - 135 = -m*t. Suppose -g + 9 + t = 0. List the prime factors of g.
2, 3
Let l = 66 + -82. Let g = 19 - l. List the prime factors of g.
5, 7
Let j(w) = -378*w + 144. Let f(h) be the second derivative of 13*h**3/6 - 5*h**2/2 + h. Let s(t) = -144*f(t) - 5*j(t). List the prime factors of s(1).
2, 3
Suppose 12 = 2*n - 18. Suppose 3*w + n = -3. Let q = w - -32. List the prime factors of q.
2, 13
Suppose 0 = 5*w + 3*c - 2 + 4, 5*w + 5*c + 10 = 0. Suppose 131 = r + 5*l, -6*l = 4*r - w*l - 492. What are the prime factors of r?
11
Let i(v) = -v**3 + 15*v**2 - 20*v + 14. Let u be i(13). What are the prime factors of (-2664)/(-14) - 0 - u/322?
2, 5, 19
Suppose -793 = -3*l + 9773. What are the prime factors of l?
2, 3, 587
Let i(b) = 2*b**2 + 2 - 11 - 3*b - 2 - 7. List the prime factors of i(-6).
2, 3
Let q = -56 - -56. Suppose q = 3*b + b - c - 45, -3*b = -4*c - 50. What are the prime factors of b?
2, 5
Let l be (-2)/6 - (-20)/6. Let u = 76 + -81. What are the prime factors of 0/u - -1*l?
3
Let a = 5165 - 2856. What are the prime factors of a?
2309
Suppose 7*n = -0*n - 21. What are the prime factors of (-3)/n + -2 + 190?
3, 7
Let t be 3*(-4 + 0 + 53). Let u = 246 - t. Suppose 3*i = u + 30. List the prime factors of i.
43
Let u = -614 - -1487. List the prime factors of u.
3, 97
Let c(z) = z**2 + 4*z + 9. Let s be c(-9). Let q(n) = -8*n - 1. Let v be q(1). Let l = s + v. List the prime factors of l.
3, 5
Let w be (23 + -20)*(88/6)/2. Suppose f - 27 = 4*o, -3*f - 4*o = -11 - w. List the prime factors of f.
3, 5
Let a = 518 - -2839. List the prime factors of a.
3, 373
Suppose 0 = 3*o + 4*w - 8, o + 9*w - 4*w = -1. Suppose -i = i - o. Suppose 3*t - 49 = -q, i*t - 61 = 6*q - q. What are the prime factors of t?
2, 3
Suppose 11 = -p - 17. What are the prime factors of 2644/28 - 16/p?
5, 19
Let r(g) = g**2 - 22*g + 10. Let k be r(22). What are the prime factors of k + -14 - 5*-5?
3, 7
What are the prime factors of (-4)/(-34) + 35225/425?
83
Suppose -146*k + 621 = -123*k. What are the prime factors of k?
3
Let t be (-3 - -6) + 1 + -4. Suppose -15*m + 20*m - 375 = t. List the prime factors of m.
3, 5
Let b = -1047 - -1862. Suppose -q + y - b = -4*q, 0 = -3*q - 5*y + 799. List the prime factors of q.
3, 7, 13
Let i(k) = k**3 + 10*k**2 + 11*k - 26. List the prime factors of i(13).
2, 7, 11, 13
Let u be -3 - -2 - (-1 - (-4 + 21)). Suppose u*w = 2013 + 2407. List the prime factors of w.
2, 5, 13
Suppose -4*w - 20 = 0, w + 5540 = 5*r - 2210. What are the prime factors of r?
1549
Suppose 2*b - 1 = 3. Suppose 4*l - 702 = -b*l. Suppose -4*p = -71 - l. List the prime factors of p.
47
Let k = 9 - 7. Let d = k - -1. Suppose 3*t + u = 127, 7*u - 131 = -d*t + 2*u. What are the prime factors of t?
2, 3, 7
Let y be (30/(-4))/(-5)*-10. Let d(x) = 2*x**2 - 3*x - 12. Let o be d(-4). Let s = o + y. What are the prime factors of s?
17
Let x(z) = -2*z**3 + 5*z**2 + 10*z + 10. List the prime factors of x(-5).
5, 67
Let q(h) = 9*h + 2. Let n be 12/7 - 8/(-28). Let j be q(n). Let f = j - 17. List the prime factors of f.
3
Let k(v) = -2*v**3 + 1 - 7*v**2 + 8*v - 7*v**3 + 11*v**3. What are the prime factors of k(4)?
7
Suppose -2*p + 14 = 5*w - 4*w, -5 = -5*p + 5*w. Suppose 8*n - 111 = p*n. Let k = n + -14. List the prime factors of k.
23
Suppose 28*p - 72 = 22*p. Suppose 0 = p*m + m - 3367. List the prime factors of m.
7, 37
Let x = -1860 - -3736. What are the prime factors of x?
2, 7, 67
Let s(d) = -d**2 - 18*d - 20. Let o be s(-17). Let y(c) = -125*c**2 - c + 2. Let x be y(o). What are the prime factors of (-2)/6 - x/48?
23
Let n = -53 + 206. Suppose -p = -2*a + n, -10 = 3*a + 2*p - 243. List the prime factors of a.
7, 11
Let m = 4 - 0. Suppose -5*h - 3 = m*z - 23, -z - 16 = -4*h. Let w = h + 1. What are the prime factors of w?
5
Let v(x) = 6*x**2 + 4*x - 4. Let q(p) = -18*p**2 - 11*p + 11. Let g(u) = -3*q(u) - 8*v(u). What are the prime factors of g(4)?
3, 11
Suppose -2*k + 24 = -4*n, -20 = -k - 2*n + 6*n. Suppose 0 = 5*a - 5*h - 895, k*a + a - 2*h = 892. List the prime factors of a.
2, 89
Suppose 8*b - 5*b - k = 15814, 4*b + k = 21090. List the prime factors of b.
2, 659
Let w(s) = -133*s. List the prime factors of w(-2).
2, 7, 19
Suppose 373 = 12*k - 143. Let a = 108 - k. What are the prime factors of a?
5, 13
Let j be (-80660)/(-90) + (-4)/18. Suppose 2*m + j = -2*i + 4*i, -5*i = 0. What are the prime factors of m/(-48) + 2/(-6)?
3
Suppose -34*y = -37*y - 9. What are the prime factors of y/((-15)/2) - (-1936)/10?
2, 97
Let g be 9/6*4/3. Suppose -3*r + 78 = t + g*t, 0 = 2*t + 3*r - 48. Suppose 2*q + t = 4*p, -p + 25 = -0*p - 4*q. What are the prime factors of p?
5
Let u be (-4)/(-22) + 344/44. Suppose -f - u = -4*j + 3, -2*j + 2*f = 2. What are the prime factors of j?
2
Suppose 2*p = -3*u + 3917, -4*p = -2*u - 5232 - 2562. List the prime factors of p.
1951
Suppose -4 = 2*b - 16. List the prime factors of -21*(1/(-6) + (-15)/b).
2, 7
Let a(b) = 42*b**2 - 39*b**2 + 2*b + 0 - 8. Let o be a(-7). Suppose -o + 26 = -5*y - 2*j, -y - 3*j + 12 = 0. What are the prime factors of y?
3, 7
Let p(b) = 27*b + 20. What are the prime factors of p(14)?
2, 199
Let j(u) = u**3 + 16*u**2 - 3*u - 23. Let q be j(-16). List the prime factors of -5*(-345)/q + (-2)/(-2).
2, 5, 7
Let x(u) = 15*u - 21. Let b be x(14). Suppose 6*f = -f + b. List the prime factors of f.
3
Suppose 5*u + 4*m - 22 = 0, 2*u + 0*m = m + 1. Suppose 0 = 3*p + 2*s + 89, 4*p + 5*s + 117 = u*s. Let k = 50 + p. What are the prime factors of k?
17
Let o = 23 - 23. Suppose 7*h + o*h - 14 = 0. Suppose 2*z - 42 = -4*n, -n + h*n + 12 = 4*z. What are the prime factors of n?
2
Let h = 79 - 38. Suppose 2*k + 3*p = -3*k + 108, -4*k - p + 85 = 0. Let g = h - k. What are the prime factors of g?
2, 5
Let j = 40 + -38. Suppose -5*g + 4*c + 407 = 0, -565 = -5*g + j*c - 154. List the prime factors of g.
83
Let f(m) = m**2 - 1. Let n(t) = 3*t**2 - 112. Let r(p) = 2*f(p) - n(p). List the prime factors of r(0).
2, 5, 11
Let g(r) = 53*r**2 - 7*r + 19. Let d be g(3). Let n = d + -209. List the prime factors of n.
2, 7, 19
Let l(c) be the second derivative of c**4/4 - c**3